 = s - j. What is the units digit of z?
2
Suppose 0 = -4*b - b + 50. Let s(a) = -a**2 + 12*a - 13. Let n be s(b). Suppose -2*p - 25 = -n*p. What is the units digit of p?
5
Suppose 220 = 4*q - 0*q. Let o = q + -19. What is the tens digit of o?
3
Suppose -99 - 151 = -5*b. What is the units digit of b?
0
Let x = 4 - 3. Suppose u - x = 2*u. What is the units digit of (2/(-4))/(u/4)?
2
Let l = -5 - -8. Suppose 0 = -l*y + 87 + 87. What is the units digit of y?
8
Suppose -2*r = -g + 58, 3*g - 7*g - r = -214. What is the tens digit of g?
5
Suppose -t = 3*p - 18, -t - 2*t + 4*p = -15. Suppose -2*f + t = -21. What is the tens digit of f?
1
Let g = 2 + -4. Let w(t) = t**2 - t - 1. Let j be w(g). Let s = j - 2. What is the units digit of s?
3
Let m(p) = 4*p**2 - p + 2. Let f be (6/9 - 0)*-3. Let s be m(f). Suppose 3*h + s = 5*y, y = 5*h + 6 - 24. What is the units digit of y?
7
Suppose 3*l - 12 = 5*l. Let i(v) = 4*v - 2. Let j(a) = 5*a - 2. Let s(q) = 6*i(q) - 5*j(q). What is the units digit of s(l)?
4
Suppose -5*q - 4*w + 47 = -194, -5*q + 3*w = -213. Suppose -3*k + 0*l + q = 3*l, -5*k - l + 83 = 0. What is the tens digit of k?
1
Let y = 9 - -1. Suppose -3*r + 3*b + 0*b = -6, 0 = b - 2. Suppose r = v - y. What is the units digit of v?
4
Let c = 1 + 2. Suppose -4*o + 14 = 2*s, 5*s + c*o - 9 = 5. What is the units digit of s?
1
Let i = 79 + -28. What is the units digit of i?
1
Let y(s) = s**3 - 3*s**2 - 4*s + 2. Let g be y(4). Suppose -i - 109 = -3*j, -g*j - i - 15 = -91. What is the units digit of j?
7
Suppose -3*h - 35 = 9*j - 4*j, -5*j - h - 45 = 0. Let m = 3 - j. Let p = 0 + m. What is the tens digit of p?
1
Let i(k) = -k**2 + 16*k - 5. What is the units digit of i(15)?
0
Let l(z) = z**3 + 12*z**2 + 6*z - 15. What is the units digit of l(-11)?
0
Suppose 4*c + 10 = 6*c. Suppose -5*f + c*w = 10, 8 = f + f + w. Suppose f*i - 9 = i. What is the units digit of i?
9
What is the tens digit of 1/((-15)/(-2522)) - 22/165?
6
Let t = 20 - 7. Suppose 4 - t = -3*q. Suppose 0 = -3*m - 4*f - 14, 2*f - 1 = -4*m - q. What is the units digit of m?
2
Suppose -2*a = c + 3*c - 16, -a - 4 = -4*c. Suppose -7 - 6 = -5*i + 2*s, -s + 7 = c*i. Suppose i = 4*w - 25. What is the units digit of w?
7
Let b be (1 + -1)*(-2)/4. Suppose 4*m + 4*z = 0, -z + b*z = -4. Let n = m - -9. What is the units digit of n?
5
Let x(a) = -a**3 - 6*a**2 - 5*a + 6. Let v be (-2)/8 + 161/(-28). What is the units digit of x(v)?
6
Suppose 21 = 4*w - w. Suppose w*g = 11*g - 196. What is the units digit of g?
9
Suppose 5*n - j - 2*j = -9, 0 = 4*j - 12. Suppose n*o = -5*o + 15. What is the units digit of o?
3
Suppose -6*c + 12 = -3*c. Let r = c - -10. What is the units digit of r?
4
Let w = -49 - -99. What is the units digit of w?
0
Let l(g) be the first derivative of -g**4/4 - 5*g**3/3 - g**2/2 - 10*g + 6. What is the tens digit of l(-6)?
3
Let f(c) = -c + 11. Let d(x) = 3*x - 23. Let n(h) = 2*d(h) + 5*f(h). What is the units digit of n(0)?
9
Let y(g) be the second derivative of g**4/12 + g**3 - 5*g**2/2 - 3*g. What is the units digit of y(-7)?
2
Let i(z) = -3*z - 12. Let y be i(-5). What is the tens digit of (6/y - 3) + 23?
2
Let g(u) = -u**2 - 15*u + 6. What is the units digit of g(-12)?
2
Suppose -q = -5*f + 2*q + 13, -5*f - 2*q = -33. Suppose -5*k = f - 0. What is the units digit of (1 - k)/(4/22)?
1
Let u = 23 - 6. Let p = 25 - u. Suppose -p = -w + 4. What is the tens digit of w?
1
Suppose -2*p + 0 = 16. Let r be (-2)/(-4)*(0 + p). What is the units digit of ((-6)/r)/((-2)/(-4))?
3
Let a(y) = -y - 3. Suppose -f = 3 + 3. Let d be a(f). Let z = d + 10. What is the units digit of z?
3
Let j = -304 + 442. What is the units digit of j/(-4)*14/(-21)?
3
Let v(c) = -c**3 - c**2 - 2. Let a be (-4)/10 + 4/10. Let h be v(a). What is the units digit of 0/1 - (0 + h)?
2
Let h be (42/4)/((-2)/(-4)). Suppose 5*i + h = -l, -l - 2*i - 2 = l. Suppose 5*v = -5*g + 70, -41 - 16 = -l*v - 5*g. What is the tens digit of v?
1
Let i be 1/(-2*(-2)/(-8)). What is the tens digit of ((-54)/12)/(i/8)?
1
Let g(r) = -99*r + 7. What is the units digit of g(-1)?
6
Let j(x) = -x**2 - 7*x + 6. Let i(o) = -6*o + 5. Let t(q) = -6*i(q) + 5*j(q). Let u be t(1). Let b = 1 - u. What is the units digit of b?
5
Suppose 0 = 4*l - 3*l + 46. Let f = -25 - l. What is the units digit of f?
1
Let w = 4 - -1. Suppose -4*z = 5*i - 21, -3*i + 0*z + 2*z = w. What is the units digit of i?
1
Let o = 48 + -26. What is the tens digit of o?
2
Let r = 9 - 7. Let g be 1 + 4/r + -1. Suppose g*o - 7*o = -3*y - 56, -2*o + 10 = 5*y. What is the units digit of o?
0
Suppose -l - 5*r - 16 - 13 = 0, l = -4*r - 26. Let h = l + 27. What is the tens digit of h?
1
Let b(f) = -f**3 + 7*f**2 + 6*f + 4. What is the units digit of b(7)?
6
Suppose -2*j = 3*j - 20. Suppose 12 + 4 = j*i. Suppose -i*q - 2 = 2, 4*w - q = 45. What is the tens digit of w?
1
Let a = -5 + 5. Suppose 5*o - 2*u - 6 + 1 = a, -4 = -4*o - 3*u. What is the units digit of o?
1
Let p(w) = w**2 + 9*w + 4. Let m be p(-8). Let r = 3 + m. What is the units digit of (-12)/(-4) + r + -1?
1
Suppose -5*d + 10 = 0, 5*q - d = -3*d + 234. What is the units digit of q?
6
Let t be 0*(1 - (1 + 1)). What is the units digit of (2 + -1 - t)*8?
8
Suppose 2*g + 0*f = f + 1, 3*g + 3*f = 15. Suppose -5*y + 255 = -g*k - 3*k, k = -5*y + 225. What is the tens digit of y?
4
Let d(m) be the second derivative of m**4/12 + m**3/6 + m**2 - m. Let x be d(0). Let w = x + -1. What is the units digit of w?
1
Let c(y) = 95*y**2 - 2*y + 1. What is the hundreds digit of c(-2)?
3
Let a = 38 - 17. What is the units digit of a?
1
Suppose 3*j + 56 = 809. What is the hundreds digit of j?
2
Suppose 2*f - 6*f = 60. Let u = 1 - f. What is the tens digit of u?
1
Suppose -18 = -4*c - 78. What is the tens digit of (-291)/c + (-4)/10?
1
Suppose 22 = 5*y + 3*q - 26, -35 = -4*y + q. What is the units digit of y?
9
Let g(d) be the third derivative of d**7/1680 + d**6/360 + d**5/20 - 2*d**2. Let b(l) be the third derivative of g(l). What is the units digit of b(2)?
8
Suppose o + 4*o + 15 = 0. Let a = -39 + 54. What is the tens digit of 110/a*o/(-2)?
1
Let q(z) = z**3 - 2*z**2 - 2*z. Let n be q(3). Let p be (n/(-2))/((-6)/8). What is the tens digit of ((-39)/(-12))/(p/8)?
1
Let b(g) = g**3 - 5*g**2 - g + 4. Let f(m) = -m**2 + 5. Let k be f(0). Let z be b(k). Let j = z + 3. What is the units digit of j?
2
Let y = 8 - 6. Let k(n) = 4*n - 3*n**2 - 3*n + 2*n**2 + 2*n**2 + y. What is the units digit of k(2)?
8
Suppose -3*k + 7*k - 16 = 0. Let r(u) = u. Let t be r(k). Suppose 5*h = -t*m + 28, 2*h = -3*m - 0*m + 7. What is the units digit of h?
8
Let c be (-2)/(-4)*0 - -14. Suppose p = -p + c. Suppose 0 = -p*a + 2*a + 55. What is the tens digit of a?
1
Let l be 132/(-12) - 0/(-1). Let y = l + 22. What is the units digit of y?
1
Suppose 9*n = -696 + 2433. What is the hundreds digit of n?
1
Suppose -23 = -2*g + 3*l + 19, -2*g + 2*l + 44 = 0. What is the units digit of g?
4
Suppose j - 2*m = 6*j - 445, -2*j - 4*m = -178. What is the units digit of j?
9
Suppose -24 = -4*r - 0*r. Let v = -8 + r. Let s(o) = o**2 - 2*o - 3. What is the units digit of s(v)?
5
Let c be 6/(-4)*60/(-9). Let t(s) = s**2 + 9*s + 2. Let y be t(-9). Suppose 0 = y*z - 0*z - c. What is the units digit of z?
5
Suppose -v = -3*s - 60 - 238, 602 = 2*v - 4*s. What is the hundreds digit of v?
3
Let s = -7 + 3. What is the units digit of (-3 + 2/s)*-4?
4
Suppose -2*q = -5*q + 186. Suppose q = -v + 3*v. Suppose -4*z = 11 - v. What is the units digit of z?
5
Suppose -4*z = -8*z. Suppose -8 = -z*q - q. Let o(n) = n**3 - 9*n**2 + 11*n - 10. What is the tens digit of o(q)?
1
Let t be (4*33)/3 - 3. Let o = -9 + t. What is the tens digit of o?
3
What is the tens digit of 46/(-4)*(2 + -4)?
2
Let c(k) = 14*k**2 - 2*k + 1. Suppose -2*u + 0 + 13 = w, 5*w + 4*u = 35. Suppose 5*t + w = 8. What is the units digit of c(t)?
3
Let x(h) = -h**2 + 9*h + 14. Let p be x(10). Let a = p + 29. What is the units digit of a?
3
Suppose g - 90 = -2*g. Suppose 10 = 4*o - 3*p - g, 0 = 5*o + 5*p - 15. What is the units digit of o?
7
Let g(a) = -a**3 + 5*a**2 - 2*a - 3. Let p be g(3). Let j be (-18)/4*(-6)/p. Suppose j*b - 10 = -1. What is the units digit of b?
3
Suppose -s - 12 = -4*s, -3*m + 3*s + 24 = 0. What is the units digit of 